late the remainder when v is divided by 13.
9
Suppose -2*s + 325 = -23. Calculate the remainder when s is divided by 22.
20
Let n = -87 + 61. Let d = -16 - n. What is the remainder when 19 is divided by (-4 - -2) + 2 + d?
9
Let h(o) = -32*o + 4. Suppose 0 = x - 0 + 2. What is the remainder when h(x) is divided by 14?
12
Suppose 349*v - 661*v = -10296. Suppose -3*w + 2*z + 260 = -w, -2*z + 256 = 2*w. Calculate the remainder when w is divided by v.
30
Let b(h) = 2*h**3 + 2*h + 1. Let q(w) = w**2 + 8*w - 7. Let n be q(-9). Let u be 6*(n/(-4) - -1). Calculate the remainder when b(u) is divided by 21.
19
Let l be 3*1/(-5) + 648/(-120). Let h(j) = 1 - 3*j + j - 6. What is the remainder when h(l) is divided by 4?
3
Let j = 621 + -596. What is the remainder when 646 is divided by j?
21
Suppose -2*v = 5*g - 5, 0 = v - 2*v + 5. Calculate the remainder when (34/(-4) - g)*-2 is divided by 6.
3
Let h(s) = -s**2 - 18*s - 50. Let l be h(-15). Calculate the remainder when 67 is divided by 20/2*-6*l/15.
7
Let z = 879 + -864. Suppose 4 = b - 1. Suppose 0 = 4*h - b*h + 6. What is the remainder when z is divided by h?
3
Let c = 387 - 381. What is the remainder when 78 is divided by c?
0
Let p be 3 + 3*(-78)/(-9). Let z = 36 - p. Calculate the remainder when z is divided by 4.
3
Suppose 230*k = 229*k + 6. Let g = 119 + -80. Calculate the remainder when g is divided by k.
3
Let i(x) = x**3 + 7*x**2 - 2. Let t be i(-6). Suppose t - 60 = -2*g. What is the remainder when 63 is divided by g?
11
Suppose -8811 = -34*y - 2725. Calculate the remainder when y is divided by 17.
9
Suppose 17*y + 459 = 20*y. Let i = -128 + y. Calculate the remainder when i is divided by 13.
12
Let q(m) = 5*m**2. Let g(i) be the second derivative of i**4/12 + 5*i**3/2 + 49*i**2/2 + 2*i + 15. Calculate the remainder when g(-12) is divided by q(1).
3
Let w be 3 - (2 + -4 + 1). Suppose w*c + 732 = -0*c. Calculate the remainder when 121 is divided by 1/2 + c/(-6).
28
Let r(k) be the first derivative of k**3/3 + 3*k**2 - 6*k + 12. Let v be r(-6). Let l(p) = -2*p**2 - 16*p - 9. What is the remainder when 59 is divided by l(v)?
14
Let w = 336 - 292. What is the remainder when 83 is divided by w?
39
Let p(d) = -d**2 + 5*d + 14. Let n be p(5). Suppose 0*y - n = -y. What is the remainder when 67 is divided by y?
11
Let f = 1365 + -1334. What is the remainder when 156 is divided by f?
1
Let r = 143 + -142. Let a(l) = 31*l - 1. What is the remainder when 85 is divided by a(r)?
25
Suppose -3*m = -4*m. Suppose -82 = -2*j - l, -2*l + m*l = -3*j + 123. What is the remainder when j is divided by 23?
18
Let t(g) = -1 + g**2 - 7 + 9. Calculate the remainder when t(6) is divided by 8.
5
Let i = 1869 - 1834. What is the remainder when 183 is divided by i?
8
Suppose z = -z + 16. Suppose -10*t + z*t = -20. What is the remainder when 15 is divided by t?
5
Suppose -24*y = -34*y. Let h(z) be the first derivative of -z**4/4 + z**3/3 + z**2/2 + 78*z + 1. Calculate the remainder when h(y) is divided by 27.
24
Let l be ((-7)/((-112)/(-24)))/(6/(-500)). Let n = -117 + l. What is the remainder when 13 is divided by n?
5
Calculate the remainder when 97 is divided by (-3)/(-12) + (-2)/(8/(-131)).
31
Let o = -15 - -21. Let k(b) = 29*b + 8. Calculate the remainder when k(o) is divided by 46.
44
Suppose 0 = -0*c + 5*c - 3*c. Suppose 3*h + 163 = 2*o, -4*o + 301 = -c*o - h. What is the remainder when o is divided by 19?
17
Suppose 3*z + 342 = 5*j, 2*z + 2*z = -4*j - 488. Let l = -103 - z. Calculate the remainder when 24 is divided by l.
8
Let s(v) = 40*v**2 + v - 2. Let k be s(1). Let l = 66 - k. Calculate the remainder when 79 is divided by l.
25
Let x(s) be the third derivative of -s**5/60 + s**4/12 + 2*s**3/3 + 13*s**2. Let o be x(-6). Let w = o + 83. Calculate the remainder when w is divided by 21.
18
Suppose -5*f = 25, 0*u = 5*u + 2*f - 215. Let o be 3*1*(-38)/(-6). Suppose 3*j - 26 = -4*b + 47, b + j = o. Calculate the remainder when u is divided by b.
13
Let f = 24 - 38. Let a = 31 + f. Calculate the remainder when 59 is divided by a.
8
Let i = 810 - 625. Calculate the remainder when i is divided by 23.
1
Suppose m - 31 = -5*s, 4*s - 19 = -2*m + 13. Calculate the remainder when (10/15)/(4/90) is divided by m.
3
Suppose 3*w - 5*u = 22, -4*w + 2*u + 2*u = -16. What is the remainder when 53 is divided by (-2 + w/3)*(-87)/29?
4
Let h(o) = -o**2 - 5*o + 13. Calculate the remainder when 199 is divided by h(-6).
3
Let r be (9/6)/(1/(-22)). Let a = -26 - r. What is the remainder when 20 is divided by a?
6
Let w = -668 + 1129. Calculate the remainder when w is divided by 66.
65
Suppose -2*d = -2*i - 3*i + 30, 0 = -3*d. What is the remainder when i/8 - 3395/(-28) is divided by 31?
29
Let d be 132 + (3 - -5 - 4). Let q = 203 - d. Let b = -28 - -62. What is the remainder when q is divided by b?
33
Suppose 0*c + c - 2 = 0, -2*z - c + 12 = 0. Suppose z*q = 0, 5*q + 23 = 5*v + 3. What is the remainder when 13 is divided by v?
1
Let x(n) be the second derivative of -7*n**5/20 + n**4/12 - n**3/6 - n**2/2 - 22*n. Calculate the remainder when 10 is divided by x(-1).
2
Let l = -1114 - -1164. Let c(m) = -m + 147. Calculate the remainder when c(0) is divided by l.
47
Let z(l) = -l**2 - 3*l + 52. What is the remainder when 161 is divided by z(-7)?
17
Let m be (-306)/(-85) + (-2)/(-5). What is the remainder when 82 is divided by (17/2)/(m/8)?
14
Let q = -230 - -500. What is the remainder when q is divided by 21?
18
Let t(d) = -d**2 - 24*d - 2. Calculate the remainder when t(-13) is divided by 32.
13
Suppose 296 = -2*u + 552. Calculate the remainder when 391 is divided by u.
7
Let b = 140 + -126. What is the remainder when 109 is divided by b?
11
Let q = -21 - -20. Let k be (q - 4)*20/(-25). Suppose k*t - 164 = -2*w + t, 3*w + 4*t - 244 = 0. What is the remainder when w is divided by 26?
24
Let b(u) = u**3 + 7*u**2 - 8*u - 9. Let a be b(-9). Let f = 189 + a. What is the remainder when f is divided by 19?
14
What is the remainder when ((-3)/(-6) + -2)*-30 is divided by 3?
0
Suppose 0 = 2*j - 45 + 11. Suppose -3*s = -1 - j. Calculate the remainder when 6 is divided by s.
0
Let w = 517 + -321. Calculate the remainder when w is divided by 52.
40
Suppose -3*p - 5 = -2. Let w(j) = 2*j + 2. Let h be w(p). Suppose 2*q = -3*z + 8, 0 = -h*q + q + 5*z + 3. Calculate the remainder when 19 is divided by q.
5
Let t(c) = -c**2 + 7*c - 14. Let o be t(6). What is the remainder when 59 is divided by (-2)/((-6)/47) + o/12?
14
Suppose -193 + 171 = h. Let w = 55 + h. Calculate the remainder when 128 is divided by w.
29
Let p(z) = z**3 + 6*z**2 - 8*z + 8. What is the remainder when 77 is divided by p(-7)?
2
Let l(m) = 2 - 3 - 3*m - 6. Let z = -338 + 393. What is the remainder when z is divided by l(-7)?
13
Let s(d) = 11*d**3 + 2*d**2 + d - 2. Let y be s(2). Suppose -2*v + y = 2*v. Let k(a) = -a**3 + 70. What is the remainder when k(0) is divided by v?
22
Let a(h) = -h**3 + 16*h**2 - 15*h + 19. What is the remainder when a(15) is divided by 16?
3
Let s = -26 + 36. What is the remainder when 34 is divided by (-18)/s*240/(-36)?
10
Let m = -1073 + 1097. Calculate the remainder when 197 is divided by m.
5
Suppose -24*n - 5*m + 370 = -19*n, -4*m + 12 = 0. What is the remainder when n is divided by 6?
5
Let m(f) = 12*f + 0 - 13 + 0*f. Calculate the remainder when m(4) is divided by 14.
7
Suppose -4*v + 5*f + 156 = -124, 4*f = v - 70. What is the remainder when v is divided by 48?
22
Suppose 5*c = 4*w + 10, -c = 2*c - 6. Suppose 5*p - 8*p + 66 = w. What is the remainder when 78 is divided by p?
12
Suppose 4*c - 363 - 117 = 0. Suppose 2*b - 6 = 4*r, -3*r - 12 = 4*b - 7*b. Suppose -7*o + c = -b*o. What is the remainder when o is divided by 16?
12
Let m = 53 + -31. Suppose 7 = 38*t - 39*t. Let b = t + 20. Calculate the remainder when m is divided by b.
9
Suppose -5*l + 5 = 0, 15*t - 5*l = 20*t - 45. Suppose 2*h - 29 = -5*n, -122 = -7*h + 2*h + 4*n. What is the remainder when h is divided by t?
6
Suppose -4*z + 7*z = 0. Suppose -g - 5 = 5*u, z*g - g = 2*u + 2. Suppose g = -r + 25 - 10. Calculate the remainder when r is divided by 4.
3
Let l(i) = 14*i + 16*i - 16*i - 8. Calculate the remainder when l(3) is divided by 9.
7
Suppose 45*d = -5*d + 5300. Let v = 27 - 0. What is the re